et z be m(18). Let t = -143 - -190. What is the highest common factor of t and z?
47
Let w = 27425 - 26481. What is the highest common divisor of 128 and w?
16
Let n = 40216 + -40196. What is the highest common divisor of n and 12?
4
Suppose 132*i = 135*i - 72891. Let n be i/56 + (9/8)/9. What is the highest common factor of n and 14?
14
Let x(d) = 206*d + 2587. Let p be x(-12). What is the greatest common factor of p and 6233?
23
Let d(c) = 109*c**2 + 1. Let x be d(-1). Suppose -3*k - 23 = -4*k - 5*y, -y - 2 = 0. Calculate the greatest common divisor of x and k.
11
Let k(q) = -q**2 - 5*q + 24. Let x be (-8)/3*105/14. Let d = x + 13. Let t be k(d). Calculate the highest common factor of t and 35.
5
Let s be (-1)/(-2) + 59/2. Suppose 48*x - 61*x = 26. Let d be ((10 - x)/4)/((-2)/(-50)). What is the greatest common divisor of s and d?
15
Let a = -1364 + 2619. Suppose a*z = 1256*z - 32. Calculate the highest common factor of z and 2.
2
Let d(w) = 102*w - 543. Let u be d(66). Calculate the highest common divisor of u and 6.
3
Let f(d) = 694*d**2 - 1. Let c be f(1). Suppose -c = -944*b + 937*b. What is the greatest common factor of b and 90?
9
Let l = 32431 + -23141. What is the greatest common divisor of 20 and l?
10
Let y = -4 - -60. Let z be 32 + -2 + -6*(-3)/9. What is the greatest common divisor of y and z?
8
Let z be (-5)/(-15) + (-62)/6. Let h be 24/(-60) + (-54)/z. Suppose 4*c + h = n - 34, -3*n + 3*c = -72. Calculate the greatest common divisor of n and 38.
19
Suppose 0 = -3*x + 9, 4*x - 732 = -5*g - 215. Suppose -8*p = -3142 - 2514. What is the greatest common divisor of g and p?
101
Let h = 744 - 344. Suppose 2*a + 6*a = h. Calculate the greatest common divisor of a and 70.
10
Suppose 303 = -6*l - 87. Let u = l - -109. Suppose -148 = -5*d + 182. Calculate the highest common divisor of u and d.
22
Let n be (16/(-6))/(211/(-105) + 2). Suppose -68*q + n = -61*q. Let z = 9 + -4. Calculate the highest common factor of q and z.
5
Let j(v) = v**2 - 53*v - 1224. Let u be j(-19). Suppose 4*i = 9 + 31. Suppose w - i*w = -u. What is the greatest common divisor of w and 4?
4
Let z be 104/(-5)*(9381/(-530) - 1/(-5)). What is the greatest common factor of z and 252?
28
Let t(p) = -45*p - 174. Suppose 3*g - 56 = 11*g. Let u be t(g). What is the highest common factor of u and 3?
3
Let g be ((-6)/2)/(-3) - 4*-72. Let h = 300 - g. Let y be (0 - 198/(-8))*4. What is the highest common divisor of y and h?
11
Let a(p) = p**3 - 10*p**2 + 14*p + 19. Let t = 108 - 100. Let s be a(t). What is the greatest common divisor of 3 and s?
3
Suppose -70*n = -327871 - 240039. Calculate the greatest common factor of 532 and n.
133
Let y(x) = -24*x. Let w be y(-3). Let l(z) = -z + 8. Let h be l(7). Let n be 1/(7/(-180))*-7*h. Calculate the highest common divisor of w and n.
36
Suppose 7*k + 4*q = 11*k - 3168, 2*k - 4*q = 1568. Calculate the greatest common factor of k and 575.
25
Suppose 28 = 4*j + 2*z, 0*j - 24 = -3*j - 3*z. Let c be (-23 - -22)/(-1 + 12/11). Let d(o) = -6*o. Let q be d(c). What is the greatest common factor of q and j?
6
Suppose 0 = k + 3*a + 625, -12*k - 2*a + 1258 = -14*k. Let i = 892 + k. What is the greatest common divisor of 24 and i?
24
Suppose 3*y = -6*p + p - 224, p = 5*y + 392. Let o = 94 + y. What is the greatest common factor of 88 and o?
8
Let x be -1 + -2*(-10)/8 + 993157/1034. What is the highest common factor of 1184 and x?
74
Suppose 285755 + 342691 = 39*g. What is the highest common divisor of 14 and g?
14
Suppose 0 = 133*y + 88*y - 102233 + 16927. Calculate the greatest common divisor of y and 12159.
193
Let b be 1 - (4 - (10 - -3)). Let c = -16 - 149. Let m be 110/c + (28/(-3))/(-2). What is the greatest common divisor of m and b?
2
Let g = 39 + -26. Suppose -g*n = -12*n. Suppose 10*a - 192 - 68 = n. What is the greatest common divisor of a and 52?
26
Let h = -3808 - -3960. Calculate the greatest common divisor of h and 722.
38
Let r(o) = o**3 + 23*o**2 + 67*o + 1053. Let m be r(-22). What is the greatest common divisor of m and 2070?
9
Let x be (-12)/8*-2*39. Let l = -503 + 521. Calculate the greatest common factor of x and l.
9
Suppose 347*z - 8052 = 38*z - 1033*z. Let a(g) = -42*g - 6. Let h be a(-6). Calculate the greatest common divisor of z and h.
6
Let b be 4/(((-12)/55)/(-3)). Let v be (-2)/(-8) + ((-22776)/32)/(-13). What is the greatest common divisor of v and b?
55
Let y be 22*-60*(-22)/44. Calculate the highest common divisor of y and 1452.
132
Let r(q) be the third derivative of q**6/120 - q**5/3 - 11*q**4/6 + 2*q**3/3 - q**2 + 1. Let f be r(22). What is the highest common factor of 2 and f?
2
Let h = -2962 - -5818. Calculate the greatest common divisor of 34 and h.
34
Let k = -253 + 166. Let r = k + 99. What is the greatest common divisor of 28 and r?
4
Let p be -5 + 71 + 4/2. Suppose 5*o - z = 24, o - 4*z = 3*o - 14. Suppose 128 = 3*l - o*u, 5*u - 5 = 4*u. Calculate the highest common divisor of p and l.
17
Suppose -o - 118 = -127. Suppose 0 = a + o - 80. Calculate the greatest common factor of 142 and a.
71
Let c be 0 - (4/4)/(1/(-15)). Suppose -20*m = -c*m - 40. Let i = m - 1. Calculate the greatest common factor of i and 56.
7
Let v(y) = 2*y**3 - 149*y**2 - 75*y + 197. Let t be v(75). What is the highest common divisor of t and 8865?
197
Let h(n) = -n**2 - 35*n - 36. Let b be h(-32). What is the highest common divisor of 12 and b?
12
Suppose 0 = -3*a - 2*m + 714, -5*a = 17*m - 22*m - 1140. Calculate the greatest common divisor of 11622 and a.
78
Let c be -3*(-20)/(-12) - -55. Suppose 47*i + 192 = c*i. Let k = -30 + i. What is the greatest common divisor of 51 and k?
17
Suppose 5*w = 2*x - 254, -2*w = -2*x + 302 - 54. Let c be (0 - (-3 + 5))/((-2)/305). What is the greatest common factor of x and c?
61
Let t = -848 - -978. Let m be -2 + 23 - (-2 + 2). Suppose x = -11 + m. What is the greatest common divisor of t and x?
10
Let z be 288/(-224) - (-2 + 18167/(-7)). Calculate the greatest common divisor of z and 1652.
236
Let u = 41 + -44. Let p be (u + ((-7)/(-2))/7)*-2. Suppose b + 0*b = 4*x + 16, 5 = p*x. Calculate the greatest common divisor of 160 and b.
20
Let a be 1341*(-6 - (-110)/15). What is the highest common factor of 12 and a?
12
Let l(n) = 2*n**2 - 38*n - 19. Let o be l(23). Let m = o - 120. Calculate the greatest common divisor of m and 5.
5
Suppose 51*w - 57*w - 6 = 0. Let x be ((-1)/w + -19)/(12/(-42)). What is the greatest common factor of x and 9?
9
Suppose 58*c + 65*c + 435123 - 1206948 = 0. What is the greatest common divisor of c and 1506?
251
Let q = 1866 + -1305. What is the greatest common divisor of q and 153?
51
Suppose 2*l - 4*l - 3*z = -16, -5 = -l - 3*z. Suppose 0 = -8*c - 4*j + 76, 25*j - 20*j = -c - 4. Let q = c + l. What is the highest common factor of q and 176?
22
Let b = -833 - -1185. Let f(o) = o - 8. Let n be f(10). Suppose -b = -2*l - n*l. What is the greatest common divisor of 22 and l?
22
Let l = 2450 - 2402. What is the highest common factor of l and 2048?
16
Let y be (-12)/(-14)*(-140)/(-30). Suppose 23 = g - y*c, -13 = 5*c - 3. What is the highest common divisor of 3 and g?
3
Let c(x) = x**3 - 27*x**2 + 173*x + 33. Let i be c(18). What is the highest common factor of i and 2387?
77
Suppose 61*i = -3*f + 58*i + 1569, 0 = f - 2*i - 529. What is the highest common divisor of f and 600?
75
Let u(z) = 746*z - 949. Let i be u(5). Calculate the greatest common factor of i and 81.
27
Suppose -5*z + 62 = 3*r - 38, -3*r + 2*z + 86 = 0. Suppose 3*c + 3*h + 0*h = r, 2*c - 3*h + 5 = 0. Calculate the highest common factor of c and 6.
1
Let c(q) = -q**3 + 67*q**2 + 74*q + 673. Let k be c(68). What is the highest common factor of 46 and k?
23
Suppose 3*t = -325 + 91. Let n = t - -85. Suppose -10 = -4*a + 18. Calculate the highest common divisor of n and a.
7
Let d(a) = -125*a**2 + 10*a - 16. Let m be d(2). Let b = m + 696. What is the highest common factor of b and 16?
8
Suppose -r + 66 = -h + 2*r, -r - 4 = 0. Let n = h - -134. What is the highest common factor of n and 8?
8
Let d(u) = -2*u**2 - 24*u + 8. Let f be (-67)/(-134)*(-12 - 0). Let y be d(f). What is the highest common factor of 60 and y?
20
Suppose 3*n + 145 = 145. Suppose m = 5*l - 5, n = -l - l - 3*m + 19. Calculate the highest